-- phpMyAdmin SQL Dump
-- version 5.1.0
-- https://www.phpmyadmin.net/
--
-- Hôte : db.3wa.io
-- Généré le : mer. 08 fév. 2023 à 10:46
-- Version du serveur :  5.7.33-0ubuntu0.18.04.1-log
-- Version de PHP : 8.0.3

SET SQL_MODE = "NO_AUTO_VALUE_ON_ZERO";
START TRANSACTION;
SET time_zone = "+00:00";


/*!40101 SET @OLD_CHARACTER_SET_CLIENT=@@CHARACTER_SET_CLIENT */;
/*!40101 SET @OLD_CHARACTER_SET_RESULTS=@@CHARACTER_SET_RESULTS */;
/*!40101 SET @OLD_COLLATION_CONNECTION=@@COLLATION_CONNECTION */;
/*!40101 SET NAMES utf8mb4 */;

--
-- Base de données : `maridoucet_phpj10`
--

-- --------------------------------------------------------

--
-- Structure de la table `authors`
--

CREATE TABLE `authors` (
  `id` int(11) NOT NULL,
  `first_name` varchar(255) NOT NULL,
  `last_name` varchar(255) NOT NULL,
  `biography` varchar(1023) DEFAULT NULL
) ENGINE=InnoDB DEFAULT CHARSET=utf8;

--
-- Déchargement des données de la table `authors`
--

INSERT INTO `authors` (`id`, `first_name`, `last_name`, `biography`) VALUES
(1, 'R.L', 'Stine', NULL),
(2, 'Ray', 'Bradbury', NULL),
(3, 'Virginie', 'Despentes', NULL);

-- --------------------------------------------------------

--
-- Structure de la table `books`
--

CREATE TABLE `books` (
  `id` int(11) NOT NULL,
  `title` varchar(255) NOT NULL,
  `author` int(11) NOT NULL
) ENGINE=InnoDB DEFAULT CHARSET=utf8;

--
-- Déchargement des données de la table `books`
--

INSERT INTO `books` (`id`, `title`, `author`) VALUES
(1, 'King Kong Théorie', 3),
(2, 'Cher connard', 3),
(3, 'Farenheit 451', 2),
(4, 'Les chroniques martiennes', 2),
(5, 'La nuit des pantins', 1);

-- --------------------------------------------------------

--
-- Structure de la table `books_categories`
--

CREATE TABLE `books_categories` (
  `book` int(11) NOT NULL,
  `category` int(11) NOT NULL
) ENGINE=InnoDB DEFAULT CHARSET=utf8;

--
-- Déchargement des données de la table `books_categories`
--

INSERT INTO `books_categories` (`book`, `category`) VALUES
(2, 1),
(1, 1),
(1, 4),
(5, 2),
(4, 2),
(4, 3);

-- --------------------------------------------------------

--
-- Structure de la table `categories`
--

CREATE TABLE `categories` (
  `id` int(11) NOT NULL,
  `name` varchar(255) NOT NULL,
  `description` varchar(1023) NOT NULL
) ENGINE=InnoDB DEFAULT CHARSET=utf8;

--
-- Déchargement des données de la table `categories`
--

INSERT INTO `categories` (`id`, `name`, `description`) VALUES
(1, 'Social', 'Des livres qui parlent du réel'),
(2, 'Horreur', 'Des livres qui font peur'),
(3, 'Science-Fiction', 'Les livres des possibles'),
(4, 'Essai', 'Des livres qui réfléchissent');

--
-- Index pour les tables déchargées
--

--
-- Index pour la table `authors`
--
ALTER TABLE `authors`
  ADD PRIMARY KEY (`id`);

--
-- Index pour la table `books`
--
ALTER TABLE `books`
  ADD PRIMARY KEY (`id`),
  ADD KEY `author` (`author`);

--
-- Index pour la table `books_categories`
--
ALTER TABLE `books_categories`
  ADD KEY `book` (`book`),
  ADD KEY `category` (`category`);

--
-- Index pour la table `categories`
--
ALTER TABLE `categories`
  ADD PRIMARY KEY (`id`);

--
-- AUTO_INCREMENT pour les tables déchargées
--

--
-- AUTO_INCREMENT pour la table `authors`
--
ALTER TABLE `authors`
  MODIFY `id` int(11) NOT NULL AUTO_INCREMENT, AUTO_INCREMENT=4;

--
-- AUTO_INCREMENT pour la table `books`
--
ALTER TABLE `books`
  MODIFY `id` int(11) NOT NULL AUTO_INCREMENT, AUTO_INCREMENT=6;

--
-- AUTO_INCREMENT pour la table `categories`
--
ALTER TABLE `categories`
  MODIFY `id` int(11) NOT NULL AUTO_INCREMENT, AUTO_INCREMENT=5;

--
-- Contraintes pour les tables déchargées
--

--
-- Contraintes pour la table `books`
--
ALTER TABLE `books`
  ADD CONSTRAINT `books_ibfk_1` FOREIGN KEY (`author`) REFERENCES `authors` (`id`);

--
-- Contraintes pour la table `books_categories`
--
ALTER TABLE `books_categories`
  ADD CONSTRAINT `books_categories_ibfk_1` FOREIGN KEY (`book`) REFERENCES `books` (`id`),
  ADD CONSTRAINT `books_categories_ibfk_2` FOREIGN KEY (`category`) REFERENCES `categories` (`id`);
COMMIT;

/*!40101 SET CHARACTER_SET_CLIENT=@OLD_CHARACTER_SET_CLIENT */;
/*!40101 SET CHARACTER_SET_RESULTS=@OLD_CHARACTER_SET_RESULTS */;
/*!40101 SET COLLATION_CONNECTION=@OLD_COLLATION_CONNECTION */;
