-- phpMyAdmin SQL Dump
-- version 5.1.0
-- https://www.phpmyadmin.net/
--
-- Hôte : db.3wa.io
-- Généré le : lun. 13 mars 2023 à 07:36
-- Version du serveur :  5.7.33-0ubuntu0.18.04.1-log
-- Version de PHP : 8.0.3

SET SQL_MODE = "NO_AUTO_VALUE_ON_ZERO";
START TRANSACTION;
SET time_zone = "+00:00";


/*!40101 SET @OLD_CHARACTER_SET_CLIENT=@@CHARACTER_SET_CLIENT */;
/*!40101 SET @OLD_CHARACTER_SET_RESULTS=@@CHARACTER_SET_RESULTS */;
/*!40101 SET @OLD_COLLATION_CONNECTION=@@COLLATION_CONNECTION */;
/*!40101 SET NAMES utf8mb4 */;

--
-- Base de données : `maridoucet_router`
--

-- --------------------------------------------------------

--
-- Structure de la table `categories`
--

CREATE TABLE `categories` (
  `id` int(11) NOT NULL,
  `name` varchar(255) NOT NULL,
  `slug` varchar(255) NOT NULL,
  `description` varchar(1023) NOT NULL
) ENGINE=InnoDB DEFAULT CHARSET=utf8;

--
-- Déchargement des données de la table `categories`
--

INSERT INTO `categories` (`id`, `name`, `slug`, `description`) VALUES
(1, 'Action', 'action', 'Des films avec des explosions'),
(2, 'Heroic-Fantasy', 'heroic-fantasy', 'Des films avec des elfes, des nains et des magiciens'),
(3, 'Science-Fiction', 'science-fiction', 'Des films avec des aliens et es vaisseaux spaciaux');

-- --------------------------------------------------------

--
-- Structure de la table `products`
--

CREATE TABLE `products` (
  `id` int(11) NOT NULL,
  `name` varchar(255) NOT NULL,
  `slug` varchar(255) NOT NULL,
  `description` varchar(2047) NOT NULL,
  `price` int(11) NOT NULL
) ENGINE=InnoDB DEFAULT CHARSET=utf8;

--
-- Déchargement des données de la table `products`
--

INSERT INTO `products` (`id`, `name`, `slug`, `description`, `price`) VALUES
(1, 'The Expendables', 'the-expendables', 'Stallone, Schwartzy et la troupe', 900),
(2, 'Harry Potter et le Prisonnier d\'Azkaban', 'harry-potter-et-le-prisonnier-azkaban', 'Mais qui est le mystérieux Sirius Black ? Comment s\'est il échappé ? Pourquoi veut-il tuer Harry ?', 1290),
(3, 'Star Wars VII : Le Réveil de la Force', 'star-wars-7-le-reveil-de-la-force', 'Presque 20 ans après le retour du Jedi, la situation est tendue...', 1000),
(4, '2001 : l\'odyssée de l\'espace', '2001-odyssee-espace', 'Cette mission est trop importante pour moi. Je ne puis tolérer que vous la mettiez en péril.', 1200);

-- --------------------------------------------------------

--
-- Structure de la table `products_categories`
--

CREATE TABLE `products_categories` (
  `products_id` int(11) NOT NULL,
  `category_id` int(11) NOT NULL
) ENGINE=InnoDB DEFAULT CHARSET=utf8;

--
-- Déchargement des données de la table `products_categories`
--

INSERT INTO `products_categories` (`products_id`, `category_id`) VALUES
(4, 3),
(2, 2),
(2, 1),
(3, 3),
(3, 1),
(1, 1);

--
-- Index pour les tables déchargées
--

--
-- Index pour la table `categories`
--
ALTER TABLE `categories`
  ADD PRIMARY KEY (`id`);

--
-- Index pour la table `products`
--
ALTER TABLE `products`
  ADD PRIMARY KEY (`id`);

--
-- Index pour la table `products_categories`
--
ALTER TABLE `products_categories`
  ADD KEY `products_id` (`products_id`),
  ADD KEY `category_id` (`category_id`);

--
-- AUTO_INCREMENT pour les tables déchargées
--

--
-- AUTO_INCREMENT pour la table `categories`
--
ALTER TABLE `categories`
  MODIFY `id` int(11) NOT NULL AUTO_INCREMENT, AUTO_INCREMENT=4;

--
-- AUTO_INCREMENT pour la table `products`
--
ALTER TABLE `products`
  MODIFY `id` int(11) NOT NULL AUTO_INCREMENT, AUTO_INCREMENT=5;

--
-- Contraintes pour les tables déchargées
--

--
-- Contraintes pour la table `products_categories`
--
ALTER TABLE `products_categories`
  ADD CONSTRAINT `products_categories_ibfk_1` FOREIGN KEY (`products_id`) REFERENCES `products` (`id`),
  ADD CONSTRAINT `products_categories_ibfk_2` FOREIGN KEY (`category_id`) REFERENCES `categories` (`id`);
COMMIT;

/*!40101 SET CHARACTER_SET_CLIENT=@OLD_CHARACTER_SET_CLIENT */;
/*!40101 SET CHARACTER_SET_RESULTS=@OLD_CHARACTER_SET_RESULTS */;
/*!40101 SET COLLATION_CONNECTION=@OLD_COLLATION_CONNECTION */;
